{"id":24,"date":"2019-04-18T11:08:43","date_gmt":"2019-04-18T09:08:43","guid":{"rendered":"https:\/\/envothemes.com\/envo-ecommerce\/product\/import-placeholder-for-61\/"},"modified":"2022-11-26T00:21:39","modified_gmt":"2022-11-25T23:21:39","slug":"pewnosc-siebie","status":"publish","type":"product","link":"https:\/\/sklep.psychologmarialucjan.pl\/index.php\/produkt\/pewnosc-siebie\/","title":{"rendered":"PLAN WZMACNIANIA PEWNO\u015aCI SIEBIE"},"content":{"rendered":"<p>Pewno\u015b\u0107 siebie &#8211; planer<\/p>\n<p>Zam\u00f3w 4 tygodniowy plan wzmacniania pewno\u015bci siebie. Co otrzymujesz? Ma\u0142e zadania na ka\u017cdy dzie\u0144 miesi\u0105ca, dzi\u0119ki kt\u00f3rym wzmocnisz swoj\u0105 pewno\u015b\u0107 siebie. Doskona\u0142y pomys\u0142 na prezent dla samej siebie lub bliskiej osoby.<\/p>\n<p>Zam\u00f3w, odbierz produkt w formie PDF, wydrukuj w domu i wzmacniaj pewno\u015b\u0107 siebie!<\/p>\n","protected":false},"excerpt":{"rendered":"<p>This is an external product.<\/p>\n","protected":false},"featured_media":401,"comment_status":"open","ping_status":"closed","template":"","meta":{"_mi_skip_tracking":false,"_monsterinsights_sitenote_active":false,"_monsterinsights_sitenote_note":"","_monsterinsights_sitenote_category":0},"product_cat":[24],"product_tag":[],"class_list":["post-24","product","type-product","status-publish","has-post-thumbnail","hentry","product_cat-karty-pracy"],"yoast_head":"<!-- This site is optimized with the Yoast SEO plugin v24.9 - https:\/\/yoast.com\/wordpress\/plugins\/seo\/ -->\n<title>PLAN WZMACNIANIA PEWNO\u015aCI SIEBIE -<\/title>\n<meta name=\"description\" content=\"Planer wzmacniania pewno\u015bci siebie w wygodnym formacie PDF - gotowy do wydruku. Idealny pomys\u0142 na prezent dla bliskiej osoby.\" \/>\n<meta name=\"robots\" content=\"index, follow, max-snippet:-1, max-image-preview:large, max-video-preview:-1\" \/>\n<link rel=\"canonical\" href=\"https:\/\/sklep.psychologmarialucjan.pl\/index.php\/produkt\/pewnosc-siebie\/\" \/>\n<meta property=\"og:locale\" content=\"pl_PL\" \/>\n<meta property=\"og:type\" content=\"article\" \/>\n<meta property=\"og:title\" content=\"PLAN WZMACNIANIA PEWNO\u015aCI SIEBIE -\" \/>\n<meta property=\"og:description\" content=\"Planer wzmacniania pewno\u015bci siebie w wygodnym formacie PDF - gotowy do wydruku. Idealny pomys\u0142 na prezent dla bliskiej osoby.\" \/>\n<meta property=\"og:url\" content=\"https:\/\/sklep.psychologmarialucjan.pl\/index.php\/produkt\/pewnosc-siebie\/\" \/>\n<meta property=\"article:modified_time\" content=\"2022-11-25T23:21:39+00:00\" \/>\n<meta property=\"og:image\" content=\"https:\/\/sklep.psychologmarialucjan.pl\/wp-content\/uploads\/2019\/04\/wyrozumiale-przypomnienia-4.png\" \/>\n\t<meta property=\"og:image:width\" content=\"1080\" \/>\n\t<meta property=\"og:image:height\" content=\"1080\" \/>\n\t<meta property=\"og:image:type\" content=\"image\/png\" \/>\n<meta name=\"twitter:card\" content=\"summary_large_image\" \/>\n<meta name=\"twitter:label1\" content=\"Szacowany czas czytania\" \/>\n\t<meta name=\"twitter:data1\" content=\"1 minuta\" \/>\n<script type=\"application\/ld+json\" class=\"yoast-schema-graph\">{\"@context\":\"https:\/\/schema.org\",\"@graph\":[{\"@type\":\"WebPage\",\"@id\":\"https:\/\/sklep.psychologmarialucjan.pl\/index.php\/produkt\/pewnosc-siebie\/\",\"url\":\"https:\/\/sklep.psychologmarialucjan.pl\/index.php\/produkt\/pewnosc-siebie\/\",\"name\":\"PLAN WZMACNIANIA PEWNO\u015aCI SIEBIE -\",\"isPartOf\":{\"@id\":\"https:\/\/sklep.psychologmarialucjan.pl\/#website\"},\"primaryImageOfPage\":{\"@id\":\"https:\/\/sklep.psychologmarialucjan.pl\/index.php\/produkt\/pewnosc-siebie\/#primaryimage\"},\"image\":{\"@id\":\"https:\/\/sklep.psychologmarialucjan.pl\/index.php\/produkt\/pewnosc-siebie\/#primaryimage\"},\"thumbnailUrl\":\"https:\/\/sklep.psychologmarialucjan.pl\/wp-content\/uploads\/2019\/04\/wyrozumiale-przypomnienia-4.png\",\"datePublished\":\"2019-04-18T09:08:43+00:00\",\"dateModified\":\"2022-11-25T23:21:39+00:00\",\"description\":\"Planer wzmacniania pewno\u015bci siebie w wygodnym formacie PDF - gotowy do wydruku. Idealny pomys\u0142 na prezent dla bliskiej osoby.\",\"breadcrumb\":{\"@id\":\"https:\/\/sklep.psychologmarialucjan.pl\/index.php\/produkt\/pewnosc-siebie\/#breadcrumb\"},\"inLanguage\":\"pl-PL\",\"potentialAction\":[{\"@type\":\"ReadAction\",\"target\":[\"https:\/\/sklep.psychologmarialucjan.pl\/index.php\/produkt\/pewnosc-siebie\/\"]}]},{\"@type\":\"ImageObject\",\"inLanguage\":\"pl-PL\",\"@id\":\"https:\/\/sklep.psychologmarialucjan.pl\/index.php\/produkt\/pewnosc-siebie\/#primaryimage\",\"url\":\"https:\/\/sklep.psychologmarialucjan.pl\/wp-content\/uploads\/2019\/04\/wyrozumiale-przypomnienia-4.png\",\"contentUrl\":\"https:\/\/sklep.psychologmarialucjan.pl\/wp-content\/uploads\/2019\/04\/wyrozumiale-przypomnienia-4.png\",\"width\":1080,\"height\":1080,\"caption\":\"plan wzmacniania pewno\u015bci siebie\"},{\"@type\":\"BreadcrumbList\",\"@id\":\"https:\/\/sklep.psychologmarialucjan.pl\/index.php\/produkt\/pewnosc-siebie\/#breadcrumb\",\"itemListElement\":[{\"@type\":\"ListItem\",\"position\":1,\"name\":\"Strona g\u0142\u00f3wna\",\"item\":\"https:\/\/sklep.psychologmarialucjan.pl\/\"},{\"@type\":\"ListItem\",\"position\":2,\"name\":\"Shop\",\"item\":\"https:\/\/sklep.psychologmarialucjan.pl\/index.php\/shop__trashed\/shop\/\"},{\"@type\":\"ListItem\",\"position\":3,\"name\":\"PLAN WZMACNIANIA PEWNO\u015aCI SIEBIE\"}]},{\"@type\":\"WebSite\",\"@id\":\"https:\/\/sklep.psychologmarialucjan.pl\/#website\",\"url\":\"https:\/\/sklep.psychologmarialucjan.pl\/\",\"name\":\"\",\"description\":\"\",\"potentialAction\":[{\"@type\":\"SearchAction\",\"target\":{\"@type\":\"EntryPoint\",\"urlTemplate\":\"https:\/\/sklep.psychologmarialucjan.pl\/?s={search_term_string}\"},\"query-input\":{\"@type\":\"PropertyValueSpecification\",\"valueRequired\":true,\"valueName\":\"search_term_string\"}}],\"inLanguage\":\"pl-PL\"}]}<\/script>\n<!-- \/ Yoast SEO plugin. -->","yoast_head_json":{"title":"PLAN WZMACNIANIA PEWNO\u015aCI SIEBIE -","description":"Planer wzmacniania pewno\u015bci siebie w wygodnym formacie PDF - gotowy do wydruku. Idealny pomys\u0142 na prezent dla bliskiej osoby.","robots":{"index":"index","follow":"follow","max-snippet":"max-snippet:-1","max-image-preview":"max-image-preview:large","max-video-preview":"max-video-preview:-1"},"canonical":"https:\/\/sklep.psychologmarialucjan.pl\/index.php\/produkt\/pewnosc-siebie\/","og_locale":"pl_PL","og_type":"article","og_title":"PLAN WZMACNIANIA PEWNO\u015aCI SIEBIE -","og_description":"Planer wzmacniania pewno\u015bci siebie w wygodnym formacie PDF - gotowy do wydruku. Idealny pomys\u0142 na prezent dla bliskiej osoby.","og_url":"https:\/\/sklep.psychologmarialucjan.pl\/index.php\/produkt\/pewnosc-siebie\/","article_modified_time":"2022-11-25T23:21:39+00:00","og_image":[{"width":1080,"height":1080,"url":"https:\/\/sklep.psychologmarialucjan.pl\/wp-content\/uploads\/2019\/04\/wyrozumiale-przypomnienia-4.png","type":"image\/png"}],"twitter_card":"summary_large_image","twitter_misc":{"Szacowany czas czytania":"1 minuta"},"schema":{"@context":"https:\/\/schema.org","@graph":[{"@type":"WebPage","@id":"https:\/\/sklep.psychologmarialucjan.pl\/index.php\/produkt\/pewnosc-siebie\/","url":"https:\/\/sklep.psychologmarialucjan.pl\/index.php\/produkt\/pewnosc-siebie\/","name":"PLAN WZMACNIANIA PEWNO\u015aCI SIEBIE -","isPartOf":{"@id":"https:\/\/sklep.psychologmarialucjan.pl\/#website"},"primaryImageOfPage":{"@id":"https:\/\/sklep.psychologmarialucjan.pl\/index.php\/produkt\/pewnosc-siebie\/#primaryimage"},"image":{"@id":"https:\/\/sklep.psychologmarialucjan.pl\/index.php\/produkt\/pewnosc-siebie\/#primaryimage"},"thumbnailUrl":"https:\/\/sklep.psychologmarialucjan.pl\/wp-content\/uploads\/2019\/04\/wyrozumiale-przypomnienia-4.png","datePublished":"2019-04-18T09:08:43+00:00","dateModified":"2022-11-25T23:21:39+00:00","description":"Planer wzmacniania pewno\u015bci siebie w wygodnym formacie PDF - gotowy do wydruku. Idealny pomys\u0142 na prezent dla bliskiej osoby.","breadcrumb":{"@id":"https:\/\/sklep.psychologmarialucjan.pl\/index.php\/produkt\/pewnosc-siebie\/#breadcrumb"},"inLanguage":"pl-PL","potentialAction":[{"@type":"ReadAction","target":["https:\/\/sklep.psychologmarialucjan.pl\/index.php\/produkt\/pewnosc-siebie\/"]}]},{"@type":"ImageObject","inLanguage":"pl-PL","@id":"https:\/\/sklep.psychologmarialucjan.pl\/index.php\/produkt\/pewnosc-siebie\/#primaryimage","url":"https:\/\/sklep.psychologmarialucjan.pl\/wp-content\/uploads\/2019\/04\/wyrozumiale-przypomnienia-4.png","contentUrl":"https:\/\/sklep.psychologmarialucjan.pl\/wp-content\/uploads\/2019\/04\/wyrozumiale-przypomnienia-4.png","width":1080,"height":1080,"caption":"plan wzmacniania pewno\u015bci siebie"},{"@type":"BreadcrumbList","@id":"https:\/\/sklep.psychologmarialucjan.pl\/index.php\/produkt\/pewnosc-siebie\/#breadcrumb","itemListElement":[{"@type":"ListItem","position":1,"name":"Strona g\u0142\u00f3wna","item":"https:\/\/sklep.psychologmarialucjan.pl\/"},{"@type":"ListItem","position":2,"name":"Shop","item":"https:\/\/sklep.psychologmarialucjan.pl\/index.php\/shop__trashed\/shop\/"},{"@type":"ListItem","position":3,"name":"PLAN WZMACNIANIA PEWNO\u015aCI SIEBIE"}]},{"@type":"WebSite","@id":"https:\/\/sklep.psychologmarialucjan.pl\/#website","url":"https:\/\/sklep.psychologmarialucjan.pl\/","name":"","description":"","potentialAction":[{"@type":"SearchAction","target":{"@type":"EntryPoint","urlTemplate":"https:\/\/sklep.psychologmarialucjan.pl\/?s={search_term_string}"},"query-input":{"@type":"PropertyValueSpecification","valueRequired":true,"valueName":"search_term_string"}}],"inLanguage":"pl-PL"}]}},"_links":{"self":[{"href":"https:\/\/sklep.psychologmarialucjan.pl\/index.php\/wp-json\/wp\/v2\/product\/24","targetHints":{"allow":["GET"]}}],"collection":[{"href":"https:\/\/sklep.psychologmarialucjan.pl\/index.php\/wp-json\/wp\/v2\/product"}],"about":[{"href":"https:\/\/sklep.psychologmarialucjan.pl\/index.php\/wp-json\/wp\/v2\/types\/product"}],"replies":[{"embeddable":true,"href":"https:\/\/sklep.psychologmarialucjan.pl\/index.php\/wp-json\/wp\/v2\/comments?post=24"}],"wp:featuredmedia":[{"embeddable":true,"href":"https:\/\/sklep.psychologmarialucjan.pl\/index.php\/wp-json\/wp\/v2\/media\/401"}],"wp:attachment":[{"href":"https:\/\/sklep.psychologmarialucjan.pl\/index.php\/wp-json\/wp\/v2\/media?parent=24"}],"wp:term":[{"taxonomy":"product_cat","embeddable":true,"href":"https:\/\/sklep.psychologmarialucjan.pl\/index.php\/wp-json\/wp\/v2\/product_cat?post=24"},{"taxonomy":"product_tag","embeddable":true,"href":"https:\/\/sklep.psychologmarialucjan.pl\/index.php\/wp-json\/wp\/v2\/product_tag?post=24"}],"curies":[{"name":"wp","href":"https:\/\/api.w.org\/{rel}","templated":true}]}}